{"id":341,"date":"2025-01-28T11:53:30","date_gmt":"2025-01-28T11:53:30","guid":{"rendered":"https:\/\/2025.afcface-SCBCMO.com\/?page_id=341"},"modified":"2025-02-03T08:26:17","modified_gmt":"2025-02-03T08:26:17","slug":"comunicacions","status":"publish","type":"page","link":"https:\/\/2025.afcface-SCBCMO.com\/?page_id=341","title":{"rendered":"Comunicacions"},"content":{"rendered":"\n<p><strong>Normativa enviament comunicacions AFCF\/ SCBCOM<\/strong><\/p>\n\n\n\n<p><strong>01.<\/strong>&nbsp;Les aportacions cient\u00edfiques es remetran exclusivament via web a trav\u00e9s del seg\u00fcent enlla\u00e7: <a href=\"https:\/\/neo.emma.events\/CMCF2025\/enviament-comunicacions\">https:\/\/neo.emma.events\/CMCF2025\/enviament-comunicacions<\/a><\/p>\n\n\n\n<p><strong>02.\u00a0El format de les presentacions ser\u00e0 \u00fanicament com a comunicaci\u00f3 oral<\/strong> i<strong>\u00a0<\/strong>l\u2019autor haur\u00e0 d\u2019escollir entre els seg\u00fcents temes:<\/p>\n\n\n\n<ul class=\"wp-block-list\">\n<li>Cranio Maxillo facial&nbsp;<\/li>\n\n\n\n<li>Malformaci\u00f3 infantil<\/li>\n\n\n\n<li>C\u00e0ncer<\/li>\n\n\n\n<li>Trauma<\/li>\n\n\n\n<li>Rinopl\u00e0sties<\/li>\n\n\n\n<li>Est\u00e8tica<\/li>\n\n\n\n<li>Ortogn\u00e0tics<\/li>\n<\/ul>\n\n\n\n<p>Un cop enviada la comunicaci\u00f3 al gestor, no es podr\u00e0 modificar l&#8217;opci\u00f3 escollida per part de l&#8217;autor.<\/p>\n\n\n\n<p><strong>03.\u00a0<\/strong>Els resums de les comunicacions es poden enviar en franc\u00e8s, catal\u00e0 i angl\u00e8s.<\/p>\n\n\n\n<p><strong>04.\u00a0<\/strong>Es recomana que la redacci\u00f3 del resum de l&#8217;aportaci\u00f3 s&#8217;efectu\u00ef in situ a la p\u00e0gina ad hoc del sistema web, i no fent servir l&#8217;opci\u00f3 copiar\/enganxar del sistema operatiu de l&#8217;ordinador des d&#8217;on es remeti.<\/p>\n\n\n\n<p><strong>05.<\/strong>\u00a0El resum de la comunicaci\u00f3 haur\u00e0 de redactar-se de forma estructurada:\u00a0Introducci\u00f3 \u2013 material i m\u00e8todes \u2013 resultats i conclusi\u00f3<\/p>\n\n\n\n<p><strong>06.<\/strong>\u00a0El resum no podr\u00e0 excedir, exceptuant el T\u00edtol, de 250 paraules.<\/p>\n\n\n\n<p><strong>07.<\/strong>\u00a0Es recomana no sobrepassar un nombre m\u00e0xim de 6 signants per a totes les comunicacions<\/p>\n\n\n\n<p><strong>08.<\/strong>\u00a0El primer signant de qualsevol comunicaci\u00f3 oral o cartel acceptat haur\u00e0 d&#8217;estar necess\u00e0riament inscrit al Congr\u00e9s.<\/p>\n","protected":false},"excerpt":{"rendered":"<p>Normativa enviament comunicacions AFCF\/ SCBCOM 01.&nbsp;Les aportacions cient\u00edfiques es remetran exclusivament via web a trav\u00e9s del seg\u00fcent enlla\u00e7: https:\/\/neo.emma.events\/CMCF2025\/enviament-comunicacions 02.\u00a0El format de les presentacions ser\u00e0 \u00fanicament com a comunicaci\u00f3 oral i\u00a0l\u2019autor haur\u00e0 d\u2019escollir entre els seg\u00fcents temes: Un cop enviada la comunicaci\u00f3 al gestor, no es podr\u00e0 modificar l&#8217;opci\u00f3 escollida per part de l&#8217;autor. 03.\u00a0Els [&hellip;]<\/p>\n","protected":false},"author":1,"featured_media":0,"parent":0,"menu_order":0,"comment_status":"closed","ping_status":"closed","template":"","meta":{"footnotes":""},"class_list":["post-341","page","type-page","status-publish","hentry"],"_links":{"self":[{"href":"https:\/\/2025.afcface-SCBCMO.com\/index.php?rest_route=\/wp\/v2\/pages\/341","targetHints":{"allow":["GET"]}}],"collection":[{"href":"https:\/\/2025.afcface-SCBCMO.com\/index.php?rest_route=\/wp\/v2\/pages"}],"about":[{"href":"https:\/\/2025.afcface-SCBCMO.com\/index.php?rest_route=\/wp\/v2\/types\/page"}],"author":[{"embeddable":true,"href":"https:\/\/2025.afcface-SCBCMO.com\/index.php?rest_route=\/wp\/v2\/users\/1"}],"replies":[{"embeddable":true,"href":"https:\/\/2025.afcface-SCBCMO.com\/index.php?rest_route=%2Fwp%2Fv2%2Fcomments&post=341"}],"version-history":[{"count":2,"href":"https:\/\/2025.afcface-SCBCMO.com\/index.php?rest_route=\/wp\/v2\/pages\/341\/revisions"}],"predecessor-version":[{"id":392,"href":"https:\/\/2025.afcface-SCBCMO.com\/index.php?rest_route=\/wp\/v2\/pages\/341\/revisions\/392"}],"wp:attachment":[{"href":"https:\/\/2025.afcface-SCBCMO.com\/index.php?rest_route=%2Fwp%2Fv2%2Fmedia&parent=341"}],"curies":[{"name":"wp","href":"https:\/\/api.w.org\/{rel}","templated":true}]}}

<p><strong>Normativa enviament comunicacions AFCF/ SCBCOM</strong></p>



<p><strong>01.</strong>&nbsp;Les aportacions científiques es remetran exclusivament via web a través del següent enllaç: <a href="https://neo.emma.events/CMCF2025/enviament-comunicacions">https://neo.emma.events/CMCF2025/enviament-comunicacions</a></p>



<p><strong>02. El format de les presentacions serà únicament com a comunicació oral</strong> i<strong> </strong>l’autor haurà d’escollir entre els següents temes:</p>



<ul class="wp-block-list">
<li>Cranio Maxillo facial&nbsp;</li>



<li>Malformació infantil</li>



<li>Càncer</li>



<li>Trauma</li>



<li>Rinoplàsties</li>



<li>Estètica</li>



<li>Ortognàtics</li>
</ul>



<p>Un cop enviada la comunicació al gestor, no es podrà modificar l&#8217;opció escollida per part de l&#8217;autor.</p>



<p><strong>03. </strong>Els resums de les comunicacions es poden enviar en francès, català i anglès.</p>



<p><strong>04. </strong>Es recomana que la redacció del resum de l&#8217;aportació s&#8217;efectuï in situ a la pàgina ad hoc del sistema web, i no fent servir l&#8217;opció copiar/enganxar del sistema operatiu de l&#8217;ordinador des d&#8217;on es remeti.</p>



<p><strong>05.</strong> El resum de la comunicació haurà de redactar-se de forma estructurada: Introducció – material i mètodes – resultats i conclusió</p>



<p><strong>06.</strong> El resum no podrà excedir, exceptuant el Títol, de 250 paraules.</p>



<p><strong>07.</strong> Es recomana no sobrepassar un nombre màxim de 6 signants per a totes les comunicacions</p>



<p><strong>08.</strong> El primer signant de qualsevol comunicació oral o cartel acceptat haurà d&#8217;estar necessàriament inscrit al Congrés.</p>

<p>Normativa enviament comunicacions AFCF/ SCBCOM 01.&nbsp;Les aportacions científiques es remetran exclusivament via web a través del següent enllaç: https://neo.emma.events/CMCF2025/enviament-comunicacions 02. El format de les presentacions serà únicament com a comunicació oral i l’autor haurà d’escollir entre els següents temes: Un cop enviada la comunicació al gestor, no es podrà modificar l&#8217;opció escollida per part de l&#8217;autor. 03. Els [&hellip;]</p>
