{"id":344,"date":"2025-01-28T11:57:43","date_gmt":"2025-01-28T11:57:43","guid":{"rendered":"https:\/\/2025.afcface-SCBCMO.com\/?page_id=344"},"modified":"2025-02-03T08:28:38","modified_gmt":"2025-02-03T08:28:38","slug":"communications","status":"publish","type":"page","link":"https:\/\/2025.afcface-SCBCMO.com\/?page_id=344&lang=fr","title":{"rendered":"Communications"},"content":{"rendered":"\n<p><strong>R\u00e8glement d&#8217;envoi des communications AFCF\/SCBCOM<\/strong><\/p>\n\n\n\n<p><strong>1<\/strong> Les contributions scientifiques seront soumises exclusivement via le web via le lien suivant : <a href=\"https:\/\/neo.emma.events\/CMCF2025\/enviament-comunicacions\" target=\"_blank\" rel=\"noreferrer noopener\">https:\/\/neo.emma.events\/CMCF2025\/enviament-comunicacions<\/a><\/p>\n\n\n\n<p><strong>2<\/strong> <strong>Le format des pr\u00e9sentations sera uniquement sous forme de communication orale<\/strong> et\u00a0l\u2019auteur doit choisir parmi les sujets suivants:<br>Cranio-facial Maxillo-facial<br>Malformation infantile<br>Cancer<br>Traumatisme<br>Rhinoplastie<br>Esth\u00e9tique<br>Orthognathie<\/p>\n\n\n\n<p><strong>3<\/strong> Les r\u00e9sum\u00e9s des communications peuvent \u00eatre envoy\u00e9s en fran\u00e7ais, en catalan et en anglais.<\/p>\n\n\n\n<p><strong>4<\/strong> Une fois la communication envoy\u00e9e au gestionnaire, l&#8217;option choisie par l&#8217;auteur ne peut plus \u00eatre modifi\u00e9e.<\/p>\n\n\n\n<p><strong>5<\/strong> Le premier signataire de toute communication orale ou poster accept\u00e9 doit n\u00e9cessairement \u00eatre inscrit au Congr\u00e8s.<\/p>\n\n\n\n<p><strong>6<\/strong> Il est recommand\u00e9 que le r\u00e9sum\u00e9 de la contribution soit r\u00e9dig\u00e9 in situ sur la page ad hoc du syst\u00e8me web, et non en utilisant l&#8217;option copier\/coller du syst\u00e8me d&#8217;exploitation de l&#8217;ordinateur \u00e0 partir duquel il est soumis.<\/p>\n\n\n\n<p><strong>7<\/strong> Le r\u00e9sum\u00e9 de la communication doit \u00eatre r\u00e9dig\u00e9 de mani\u00e8re structur\u00e9e : Introduction \u2013 mat\u00e9riel et m\u00e9thodes \u2013 r\u00e9sultats et conclusion<\/p>\n\n\n\n<p><strong>8<\/strong> Le r\u00e9sum\u00e9 ne peut exc\u00e9der, \u00e0 l\u2019exception du titre, 250 mots.<\/p>\n\n\n\n<p><strong>9<\/strong> Il est recommand\u00e9 de ne pas d\u00e9passer un nombre maximum de 6 signataires pour toutes communications.<\/p>\n","protected":false},"excerpt":{"rendered":"<p>R\u00e8glement d&#8217;envoi des communications AFCF\/SCBCOM 1 Les contributions scientifiques seront soumises exclusivement via le web via le lien suivant : https:\/\/neo.emma.events\/CMCF2025\/enviament-comunicacions 2 Le format des pr\u00e9sentations sera uniquement sous forme de communication orale et\u00a0l\u2019auteur doit choisir parmi les sujets suivants:Cranio-facial Maxillo-facialMalformation infantileCancerTraumatismeRhinoplastieEsth\u00e9tiqueOrthognathie 3 Les r\u00e9sum\u00e9s des communications peuvent \u00eatre envoy\u00e9s en fran\u00e7ais, en catalan et [&hellip;]<\/p>\n","protected":false},"author":1,"featured_media":0,"parent":0,"menu_order":0,"comment_status":"closed","ping_status":"closed","template":"","meta":{"footnotes":""},"class_list":["post-344","page","type-page","status-publish","hentry"],"_links":{"self":[{"href":"https:\/\/2025.afcface-SCBCMO.com\/index.php?rest_route=\/wp\/v2\/pages\/344","targetHints":{"allow":["GET"]}}],"collection":[{"href":"https:\/\/2025.afcface-SCBCMO.com\/index.php?rest_route=\/wp\/v2\/pages"}],"about":[{"href":"https:\/\/2025.afcface-SCBCMO.com\/index.php?rest_route=\/wp\/v2\/types\/page"}],"author":[{"embeddable":true,"href":"https:\/\/2025.afcface-SCBCMO.com\/index.php?rest_route=\/wp\/v2\/users\/1"}],"replies":[{"embeddable":true,"href":"https:\/\/2025.afcface-SCBCMO.com\/index.php?rest_route=%2Fwp%2Fv2%2Fcomments&post=344"}],"version-history":[{"count":2,"href":"https:\/\/2025.afcface-SCBCMO.com\/index.php?rest_route=\/wp\/v2\/pages\/344\/revisions"}],"predecessor-version":[{"id":394,"href":"https:\/\/2025.afcface-SCBCMO.com\/index.php?rest_route=\/wp\/v2\/pages\/344\/revisions\/394"}],"wp:attachment":[{"href":"https:\/\/2025.afcface-SCBCMO.com\/index.php?rest_route=%2Fwp%2Fv2%2Fmedia&parent=344"}],"curies":[{"name":"wp","href":"https:\/\/api.w.org\/{rel}","templated":true}]}}