{"id":585,"date":"2025-03-05T09:33:29","date_gmt":"2025-03-05T09:33:29","guid":{"rendered":"https:\/\/2025.afcface-SCBCMO.com\/?page_id=585"},"modified":"2025-03-05T09:33:30","modified_gmt":"2025-03-05T09:33:30","slug":"sopar-del-congres","status":"publish","type":"page","link":"https:\/\/2025.afcface-SCBCMO.com\/?page_id=585","title":{"rendered":"SOPAR DEL CONGR\u00c9S"},"content":{"rendered":"\n<p><strong>Restaurant Mas Marroch<\/strong><br>Cami pla del marroch, <br>17180 Vilablareix, Girona<\/p>\n\n\n\n<figure class=\"wp-block-image size-large\"><img loading=\"lazy\" decoding=\"async\" width=\"1024\" height=\"717\" src=\"https:\/\/2025.afcface-SCBCMO.com\/wp-content\/uploads\/2025\/03\/collagesopar-1024x717.jpg\" alt=\"\" class=\"wp-image-586\" srcset=\"https:\/\/2025.afcface-SCBCMO.com\/wp-content\/uploads\/2025\/03\/collagesopar-1024x717.jpg 1024w, https:\/\/2025.afcface-SCBCMO.com\/wp-content\/uploads\/2025\/03\/collagesopar-300x210.jpg 300w, https:\/\/2025.afcface-SCBCMO.com\/wp-content\/uploads\/2025\/03\/collagesopar-768x538.jpg 768w, https:\/\/2025.afcface-SCBCMO.com\/wp-content\/uploads\/2025\/03\/collagesopar.jpg 1500w\" sizes=\"auto, (max-width: 1024px) 100vw, 1024px\" \/><\/figure>\n\n\n\n<p><a href=\"https:\/\/www.masmarroc.com\/\" target=\"_blank\" rel=\"noreferrer noopener\">www.masmarroc.com<\/a><br><\/p>\n\n\n\n<p>Divendres, 9 de maig 2025<br>Preu: 164 \u20ac (IVA incl\u00f2s)<\/p>\n\n\n\n<p>Viu una experi\u00e8ncia gastron\u00f2mica \u00fanica en un entorn excepcional! El sopar del congr\u00e9s tindr\u00e0 lloc al prestigi\u00f3s restaurant&nbsp;<strong>Mas Marroch,<\/strong>&nbsp;un espai emblem\u00e0tic on gaudirem d\u2019una proposta culin\u00e0ria inoblidable.<\/p>\n\n\n\n<p>Per garantir una experi\u00e8ncia c\u00f2moda, oferirem servei d&#8217;autob\u00fas d\u2019anada i tornada a Girona.<\/p>\n\n\n\n<p>Reserva la teva pla\u00e7a aqu\u00ed&nbsp;<img decoding=\"async\" alt=\"&#x1f449;\" src=\"https:\/\/fonts.gstatic.com\/s\/e\/notoemoji\/16.0\/1f449\/72.png\">&nbsp;<a href=\"https:\/\/neo.emma.events\/CMCF2025\/Inscripcions-individuals\" target=\"_blank\" rel=\"noreferrer noopener\">https:\/\/neo.emma.events\/CMCF2025\/Inscripcions-individuals<\/a><\/p>\n\n\n\n<p><\/p>\n","protected":false},"excerpt":{"rendered":"<p>Restaurant Mas MarrochCami pla del marroch, 17180 Vilablareix, Girona www.masmarroc.com Divendres, 9 de maig 2025Preu: 164 \u20ac (IVA incl\u00f2s) Viu una experi\u00e8ncia gastron\u00f2mica \u00fanica en un entorn excepcional! El sopar del congr\u00e9s tindr\u00e0 lloc al prestigi\u00f3s restaurant&nbsp;Mas Marroch,&nbsp;un espai emblem\u00e0tic on gaudirem d\u2019una proposta culin\u00e0ria inoblidable. Per garantir una experi\u00e8ncia c\u00f2moda, oferirem servei d&#8217;autob\u00fas d\u2019anada [&hellip;]<\/p>\n","protected":false},"author":1,"featured_media":0,"parent":0,"menu_order":0,"comment_status":"closed","ping_status":"closed","template":"","meta":{"footnotes":""},"class_list":["post-585","page","type-page","status-publish","hentry"],"_links":{"self":[{"href":"https:\/\/2025.afcface-SCBCMO.com\/index.php?rest_route=\/wp\/v2\/pages\/585","targetHints":{"allow":["GET"]}}],"collection":[{"href":"https:\/\/2025.afcface-SCBCMO.com\/index.php?rest_route=\/wp\/v2\/pages"}],"about":[{"href":"https:\/\/2025.afcface-SCBCMO.com\/index.php?rest_route=\/wp\/v2\/types\/page"}],"author":[{"embeddable":true,"href":"https:\/\/2025.afcface-SCBCMO.com\/index.php?rest_route=\/wp\/v2\/users\/1"}],"replies":[{"embeddable":true,"href":"https:\/\/2025.afcface-SCBCMO.com\/index.php?rest_route=%2Fwp%2Fv2%2Fcomments&post=585"}],"version-history":[{"count":1,"href":"https:\/\/2025.afcface-SCBCMO.com\/index.php?rest_route=\/wp\/v2\/pages\/585\/revisions"}],"predecessor-version":[{"id":587,"href":"https:\/\/2025.afcface-SCBCMO.com\/index.php?rest_route=\/wp\/v2\/pages\/585\/revisions\/587"}],"wp:attachment":[{"href":"https:\/\/2025.afcface-SCBCMO.com\/index.php?rest_route=%2Fwp%2Fv2%2Fmedia&parent=585"}],"curies":[{"name":"wp","href":"https:\/\/api.w.org\/{rel}","templated":true}]}}