{"id":591,"date":"2025-03-05T09:36:58","date_gmt":"2025-03-05T09:36:58","guid":{"rendered":"https:\/\/2025.afcface-SCBCMO.com\/?page_id=591"},"modified":"2025-03-05T09:36:58","modified_gmt":"2025-03-05T09:36:58","slug":"diner-du-congres","status":"publish","type":"page","link":"https:\/\/2025.afcface-SCBCMO.com\/?page_id=591&lang=fr","title":{"rendered":"D\u00eener du Congr\u00e8s"},"content":{"rendered":"\n<p>Restaurant Mas Marroch<br>Cami pla del marroch<br>17180 Vilablareix, Girona<\/p>\n\n\n\n<figure class=\"wp-block-image size-large\"><img loading=\"lazy\" decoding=\"async\" width=\"1024\" height=\"717\" src=\"https:\/\/2025.afcface-SCBCMO.com\/wp-content\/uploads\/2025\/03\/collagesopar-1-1024x717.jpg\" alt=\"\" class=\"wp-image-592\" srcset=\"https:\/\/2025.afcface-SCBCMO.com\/wp-content\/uploads\/2025\/03\/collagesopar-1-1024x717.jpg 1024w, https:\/\/2025.afcface-SCBCMO.com\/wp-content\/uploads\/2025\/03\/collagesopar-1-300x210.jpg 300w, https:\/\/2025.afcface-SCBCMO.com\/wp-content\/uploads\/2025\/03\/collagesopar-1-768x538.jpg 768w, https:\/\/2025.afcface-SCBCMO.com\/wp-content\/uploads\/2025\/03\/collagesopar-1.jpg 1500w\" sizes=\"auto, (max-width: 1024px) 100vw, 1024px\" \/><\/figure>\n\n\n\n<p><a href=\"https:\/\/www.masmarroc.com\/\" target=\"_blank\" rel=\"noreferrer noopener\">www.masmarroc.com<\/a><br>Vendredi 9 mai 2025<br>Tarif : 164 \u20ac (TVA incluse)<\/p>\n\n\n\n<p>Vivez une exp\u00e9rience gastronomique unique dans un cadre exceptionnel ! Le d\u00eener du congr\u00e8s se tiendra au prestigieux&nbsp;<strong>restaurant Mas Marroch<\/strong>, un lieu embl\u00e9matique o\u00f9 vous savourerez une proposition culinaire inoubliable.<\/p>\n\n\n\n<p>Pour votre confort, un&nbsp;<strong>service de bus aller-retour<\/strong>&nbsp;sera mis en place.<\/p>\n\n\n\n<p>R\u00e9servez votre place ici&nbsp;<img decoding=\"async\" alt=\"&#x1f449;\" src=\"https:\/\/fonts.gstatic.com\/s\/e\/notoemoji\/16.0\/1f449\/72.png\">&nbsp;<a href=\"https:\/\/neo.emma.events\/CMCF2025\/Inscripcions-individuals\" target=\"_blank\" rel=\"noreferrer noopener\">https:\/\/neo.emma.events\/CMCF2025\/Inscripcions-individuals<\/a><\/p>\n","protected":false},"excerpt":{"rendered":"<p>Restaurant Mas MarrochCami pla del marroch17180 Vilablareix, Girona www.masmarroc.comVendredi 9 mai 2025Tarif : 164 \u20ac (TVA incluse) Vivez une exp\u00e9rience gastronomique unique dans un cadre exceptionnel ! Le d\u00eener du congr\u00e8s se tiendra au prestigieux&nbsp;restaurant Mas Marroch, un lieu embl\u00e9matique o\u00f9 vous savourerez une proposition culinaire inoubliable. Pour votre confort, un&nbsp;service de bus aller-retour&nbsp;sera mis [&hellip;]<\/p>\n","protected":false},"author":1,"featured_media":0,"parent":0,"menu_order":0,"comment_status":"closed","ping_status":"closed","template":"","meta":{"footnotes":""},"class_list":["post-591","page","type-page","status-publish","hentry"],"_links":{"self":[{"href":"https:\/\/2025.afcface-SCBCMO.com\/index.php?rest_route=\/wp\/v2\/pages\/591","targetHints":{"allow":["GET"]}}],"collection":[{"href":"https:\/\/2025.afcface-SCBCMO.com\/index.php?rest_route=\/wp\/v2\/pages"}],"about":[{"href":"https:\/\/2025.afcface-SCBCMO.com\/index.php?rest_route=\/wp\/v2\/types\/page"}],"author":[{"embeddable":true,"href":"https:\/\/2025.afcface-SCBCMO.com\/index.php?rest_route=\/wp\/v2\/users\/1"}],"replies":[{"embeddable":true,"href":"https:\/\/2025.afcface-SCBCMO.com\/index.php?rest_route=%2Fwp%2Fv2%2Fcomments&post=591"}],"version-history":[{"count":1,"href":"https:\/\/2025.afcface-SCBCMO.com\/index.php?rest_route=\/wp\/v2\/pages\/591\/revisions"}],"predecessor-version":[{"id":594,"href":"https:\/\/2025.afcface-SCBCMO.com\/index.php?rest_route=\/wp\/v2\/pages\/591\/revisions\/594"}],"wp:attachment":[{"href":"https:\/\/2025.afcface-SCBCMO.com\/index.php?rest_route=%2Fwp%2Fv2%2Fmedia&parent=591"}],"curies":[{"name":"wp","href":"https:\/\/api.w.org\/{rel}","templated":true}]}}